{"id":17,"date":"2022-03-03T18:46:55","date_gmt":"2022-03-03T18:46:55","guid":{"rendered":"https:\/\/www.ubytovaniupedra.cz\/?page_id=17"},"modified":"2022-03-03T19:33:29","modified_gmt":"2022-03-03T19:33:29","slug":"pokoje-a-bytove-jednotky","status":"publish","type":"page","link":"https:\/\/www.ubytovaniupedra.cz\/?page_id=17","title":{"rendered":"Pokoje a bytov\u00e9 jednotky"},"content":{"rendered":"\n<p>P\u0159\u00edjemn\u00e9 1,2 a 3-l\u016f\u017ekov\u00e9 pokoje s&nbsp;vlastn\u00ed koupelnou a WC. Kuchy\u0148ka k&nbsp;dispozici, WIFI p\u0159ipojen\u00ed.<\/p>\n\n\n\n<p>\u010cIST\u00c9 a KLIDN\u00c9 PROT\u0158ED\u00cd, v\u0161e nov\u00e9. Vhodn\u00e9 pro jednotlivce, firmy, agentury, studenty.<\/p>\n\n\n\n<p>Dlouhodob\u00e9 i kr\u00e1tkodob\u00e9 pobyty a pron\u00e1jmy.<\/p>\n\n\n\n<p>Budete p\u0159ekvapeni kvalitou a \u010distotou ubytov\u00e1n\u00ed U PEDRA<\/p>\n","protected":false},"excerpt":{"rendered":"<p>P\u0159\u00edjemn\u00e9 1,2 a 3-l\u016f\u017ekov\u00e9 pokoje s&nbsp;vlastn\u00ed koupelnou a WC. Kuchy\u0148ka k&nbsp;dispozici, WIFI p\u0159ipojen\u00ed. \u010cIST\u00c9 a KLIDN\u00c9 PROT\u0158ED\u00cd, v\u0161e nov\u00e9. Vhodn\u00e9 pro jednotlivce, firmy, agentury, studenty. Dlouhodob\u00e9 i kr\u00e1tkodob\u00e9 pobyty a pron\u00e1jmy. Budete p\u0159ekvapeni kvalitou a \u010distotou ubytov\u00e1n\u00ed U PEDRA<\/p>\n","protected":false},"author":1,"featured_media":0,"parent":51,"menu_order":0,"comment_status":"closed","ping_status":"closed","template":"","meta":{"footnotes":""},"class_list":["post-17","page","type-page","status-publish","hentry"],"_links":{"self":[{"href":"https:\/\/www.ubytovaniupedra.cz\/index.php?rest_route=\/wp\/v2\/pages\/17","targetHints":{"allow":["GET"]}}],"collection":[{"href":"https:\/\/www.ubytovaniupedra.cz\/index.php?rest_route=\/wp\/v2\/pages"}],"about":[{"href":"https:\/\/www.ubytovaniupedra.cz\/index.php?rest_route=\/wp\/v2\/types\/page"}],"author":[{"embeddable":true,"href":"https:\/\/www.ubytovaniupedra.cz\/index.php?rest_route=\/wp\/v2\/users\/1"}],"replies":[{"embeddable":true,"href":"https:\/\/www.ubytovaniupedra.cz\/index.php?rest_route=%2Fwp%2Fv2%2Fcomments&post=17"}],"version-history":[{"count":2,"href":"https:\/\/www.ubytovaniupedra.cz\/index.php?rest_route=\/wp\/v2\/pages\/17\/revisions"}],"predecessor-version":[{"id":37,"href":"https:\/\/www.ubytovaniupedra.cz\/index.php?rest_route=\/wp\/v2\/pages\/17\/revisions\/37"}],"up":[{"embeddable":true,"href":"https:\/\/www.ubytovaniupedra.cz\/index.php?rest_route=\/wp\/v2\/pages\/51"}],"wp:attachment":[{"href":"https:\/\/www.ubytovaniupedra.cz\/index.php?rest_route=%2Fwp%2Fv2%2Fmedia&parent=17"}],"curies":[{"name":"wp","href":"https:\/\/api.w.org\/{rel}","templated":true}]}}

Pokoje a bytové jednotky

<p>Příjemné 1,2 a 3-lůžkové pokoje s&nbsp;vlastní koupelnou a WC. Kuchyňka k&nbsp;dispozici, WIFI připojení.</p>



<p>ČISTÉ a KLIDNÉ PROTŘEDÍ, vše nové. Vhodné pro jednotlivce, firmy, agentury, studenty.</p>



<p>Dlouhodobé i krátkodobé pobyty a pronájmy.</p>



<p>Budete překvapeni kvalitou a čistotou ubytování U PEDRA</p>

<p>Příjemné 1,2 a 3-lůžkové pokoje s&nbsp;vlastní koupelnou a WC. Kuchyňka k&nbsp;dispozici, WIFI připojení. ČISTÉ a KLIDNÉ PROTŘEDÍ, vše nové. Vhodné pro jednotlivce, firmy, agentury, studenty. Dlouhodobé i krátkodobé pobyty a pronájmy. Budete překvapeni kvalitou a čistotou ubytování U PEDRA</p>
